et v(w) = b(w) + 5*i(w). Calculate the remainder when 35 is divided by v(3).
17
Let g(c) = -13*c**3 - 2*c**2 - c. Calculate the remainder when g(-1) is divided by 5.
2
What is the remainder when -2*(-8)/(-20)*-20 is divided by 9?
7
Suppose 0 = -q + 5*q - 348. What is the remainder when q is divided by 44?
43
Let o(r) = r**2 - 5*r - 2. Let m be o(6). Suppose -m = -3*n + 11. Calculate the remainder when 7 is divided by n.
2
Suppose 4*d - 6 = 2*f - d, 4*f + 4*d = 16. Let w(b) = 2*b - 2. Let v be w(2). Let x = 3 - v. Calculate the remainder when f is divided by x.
0
Suppose -203 = -5*t + 37. Suppose -q + t = q. What is the remainder when 69 is divided by q?
21
Suppose 4*o = 9 + 23. Suppose 3*j = -4*k + 125, -3*k - j + 99 = 3*j. Calculate the remainder when k is divided by o.
5
Let l = 15 - 9. What is the remainder when 737/55 - l/(-10) is divided by 9?
5
Suppose 4*h - h - x - 60 = 0, -4*h = 2*x - 80. Suppose -8 = -7*z + h. Calculate the remainder when 9 is divided by z.
1
Suppose 3*c - 51 = -3. Suppose 0 = -4*u + 92 + 24. Calculate the remainder when u is divided by c.
13
Let b = -42 + 61. Calculate the remainder when b is divided by (2/(4/(-14)))/(-1).
5
Let h(t) = t**3 - 3*t**2 - 5. Suppose 3*z - 5 = 4. Suppose 2*m - d = 10, -1 = -2*m - z*d + 1. Calculate the remainder when 32 is divided by h(m).
10
Let w(l) = l**3 - 7*l**2 + 5*l + 4. Let v be w(4). Let o = v - -40. Calculate the remainder when o is divided by 9.
7
Let b(q) = -6*q + 2. Let o be b(-1). Suppose -o*j + 60 = -3*j. Calculate the remainder when j is divided by 7.
5
Suppose -4*c - 4*x = 12, -2*x - 2*x = 3*c + 8. Let l = 19 + c. What is the remainder when 44 is divided by l?
14
Suppose -2*o - 2*u = -42, 0 = 5*o - 0*u + u - 97. Calculate the remainder when 31 is divided by o.
12
Let j = 1634 + -1624. Suppose -116 = -3*f - f. Calculate the remainder when f is divided by j.
9
Let n(t) = -t**3 + 10*t**2 - 11*t + 20. Calculate the remainder when 9 is divided by n(9).
1
Suppose 0 = 4*r + i - 4*i - 53, 2*r = -4*i + 54. Let l = 77 - 45. Calculate the remainder when l is divided by r.
15
Let n = -2 + 10. Calculate the remainder when -1 - 4*(-3 + -1) is divided by n.
7
Suppose 72 = 3*m + 2*m - 4*f, -3*m - 5*f = -21. What is the remainder when (m/4)/(-3) + 21 is divided by 7?
6
Let c be (14/(-3))/(6/18). What is the remainder when c/(-3)*(-15)/(-5) is divided by 8?
6
Calculate the remainder when 26 is divided by 5*(10 - 2)/4.
6
Suppose -5*y = -77 - 38. Let k = -34 - -19. Let b = -7 - k. Calculate the remainder when y is divided by b.
7
Suppose 0*w + 4 = 2*w. Let s = 12 - 10. Suppose -s*b - 2 = -8. Calculate the remainder when b is divided by w.
1
Let d(w) = 10*w - 6. What is the remainder when d(10) is divided by 19?
18
Suppose -5*q - 29 = -3*w - 1, 22 = 2*w - 4*q. What is the remainder when 1*((-3)/w - -34) is divided by (0 + -8)/((-1)/2)?
15
Let q = 23 - -3. Let b = 60 - q. Calculate the remainder when b is divided by 12.
10
Let n(r) = 8*r**2 - 3*r + 1. Calculate the remainder when n(2) is divided by 5.
2
Let u be 4 - ((-6)/3)/(-2). Suppose -l - 2*l = -u*c - 18, -3*l + 20 = -2*c. Suppose p = 5*p - 20. What is the remainder when l is divided by p?
3
Let z be (2 + 3)*(-104)/20. Let b = -12 - z. What is the remainder when b is divided by 8?
6
Suppose 3*j + 66 = 9*j. Let x = 24 + 7. What is the remainder when x is divided by j?
9
Let s(j) = -2*j**3 + 15*j**2 - 5*j - 2. Suppose -3*t - 2*t = -45. Let i = 14 - t. What is the remainder when s(7) is divided by i?
2
Let t be (-12)/(-18) - (-28)/3. Let y = t - -2. What is the remainder when 35 is divided by y?
11
Let y(f) = -2*f - 4. Suppose -13 + 33 = -5*v. Let h(a) = 3*a + 5. Let m(j) = v*y(j) - 3*h(j). What is the remainder when 6 is divided by m(-3)?
2
Let l = 33 - 11. What is the remainder when ((-2)/2)/1 - -65 is divided by l?
20
Suppose 2*d = -3 + 17. Let h = -7 - -10. What is the remainder when d is divided by h?
1
Let p(l) = 14*l. Let w = 3 - 2. Let z(m) = 3*m + 26. What is the remainder when z(0) is divided by p(w)?
12
Suppose -x - 64 = -2*d, 2*d - 2*x = 40 + 20. Calculate the remainder when (d - (3 + -4)) + -1 is divided by 9.
7
Let v(a) = a**3 + 9*a**2 + 9*a + 4. Let b be v(-8). Let g = 7 + 0. Let w = g + b. What is the remainder when 9 is divided by w?
0
Suppose -3*h + 4*h = 0. Suppose h = s + 6 + 11. Let i = 3 - s. Calculate the remainder when i is divided by 11.
9
Let k = 7 + 0. Calculate the remainder when 18 is divided by k.
4
Let t = 110 + -96. Calculate the remainder when 36 is divided by t.
8
Suppose 3*b = 4*h - 148, -5*h - 65 + 251 = -4*b. Suppose -8*c + 3*c = -45. Calculate the remainder when h is divided by c.
7
Suppose -6 = v - 3*y - 58, 4*v = -4*y + 224. Calculate the remainder when v is divided by 19.
17
Suppose -p = 4*p - 215. Let v = p + -7. Calculate the remainder when v is divided by 19.
17
Let f(y) = -4*y**2 - 13*y. Let o(w) = w**2 + w - 1. Let u(h) = -f(h) - 3*o(h). What is the remainder when u(-12) is divided by 10?
7
Let r(t) = -6*t - 3. Suppose -2*b + 7*u = 3*u - 10, -2*u - 2 = 2*b. Suppose 2*j - b = -9. What is the remainder when r(j) is divided by 11?
10
Let s = 72 - 112. Let a = 68 + s. Let g(r) = r**3 + 2. Calculate the remainder when a is divided by g(2).
8
Suppose -12 = 3*p, 5*l + 11 = -5*p + 31. Let s(h) = -2*h + 81. What is the remainder when s(25) is divided by l?
7
Suppose -8 = -4*x - a - 3*a, 6 = -5*x + 3*a. Suppose 0 = i + 4*h - 2*h - 9, -3*h - 9 = x. Calculate the remainder when i is divided by (17/3 + -3)*3.
7
Suppose 2*z + 268 = 6*z. Calculate the remainder when z is divided by 14.
11
Calculate the remainder when 19/38 + (-101)/(-2) is divided by 13.
12
Suppose 2*n + 6 = -2*x, -9 = 2*n - 3*n + 5*x. Calculate the remainder when 61 is divided by n/(-4) - (-332)/16.
19
Let b be -1 + 3 - 0 - -1. Suppose b*h - 3*m = 27, h - 4*m - 5 = 1. Calculate the remainder when h is divided by 4.
2
Suppose -36 = -o - c + 6*c, 3*o - 159 = -2*c. Suppose 0 = 5*z + 2*t - o, -2*t - 2*t - 8 = 0. Let g = -5 + z. What is the remainder when 21 is divided by g?
3
Let v = -2 + 6. Calculate the remainder when v is divided by 3.
1
Let p = 50 + -72. Let v = -3 - p. Suppose 0 = -n - 0*n + 56. What is the remainder when n is divided by v?
18
Let p = -74 + 111. Suppose 4 = j - 3*j, 5*s + j - 98 = 0. Calculate the remainder when p is divided by s.
17
Let l be (-2 + (-4)/(-2))*-1. Suppose 0 = 4*u, -3*k + 2*u - u + 36 = l. Calculate the remainder when k is divided by (0 - -3) + (-15)/((-45)/6).
2
Suppose 6*o - 52 = 4*o. What is the remainder when 50 is divided by o?
24
Let r(t) = -2*t - 14. Let p be (-12)/1 + (-1 - -3). Calculate the remainder when r(p) is divided by 3.
0
Let y = 83 - 52. What is the remainder when y is divided by 8?
7
Suppose -4*f + 111 = 2*u - 143, 2*f + 468 = 4*u. What is the remainder when u is divided by 24?
23
Let c(u) = -u**3 - 7*u**2 + 15*u + 3. What is the remainder when c(-9) is divided by 12?
6
Calculate the remainder when (-810)/(-22) + 10/55 is divided by 13.
11
Suppose 7*w - 272 = 183. Calculate the remainder when w is divided by 25.
15
Suppose -14 = -s + 3*t, 2*s - t = 53 - 10. Suppose 9*o = -3*n + 6*o + 264, -3*n + 266 = 2*o. Calculate the remainder when n is divided by s.
21
Let y(d) = d - 2. Calculate the remainder when 19 is divided by y(12).
9
Let p(r) = -14*r - 9. Suppose 0 = -4*c - b + 71, 0*b = c + 5*b + 6. Calculate the remainder when p(-6) is divided by c.
18
Let c(r) = 11*r. Let n be c(-3). Let y = -20 - n. What is the remainder when 36 is divided by y?
10
Let l(m) = -2*m - 1. Let x(h) = -4*h - 2. Let c(f) = 7*l(f) - 3*x(f). Let b be c(-4). Suppose -y + 0*y = -b. What is the remainder when 12 is divided by y?
5
Let v(n) = -9*n**2. Let k be v(-1). Let u = -7 - k. Calculate the remainder when 5 is divided by u.
1
Let l = 84 - 66. What is the remainder when l is divided by 5?
3
Suppose -3*t - w + 4*w + 6 = 0, 8 = t + 5*w. Suppose t*v + v - 40 = 0. What is the remainder when ((-8)/v)/(2/(-5)) is divided by 2?
0
Suppose 0 = 3*w + 3*i - 15, 4*w = 2*w - 4*i + 14. Suppose w*l = -4*v + 63, -v - 5*l + 7 = -30. Calculate the remainder when 1 - 1 - (-3 - 20) is divided by v.
11
Let z(a) = a**2 - a. Let b be z(1). Suppose 5*r - 8 - 272 = b. Calculate the remainder when r is divided by 19.
18
Calculate the rema